{"version":"1.0","provider_name":"NotiFES Digital","provider_url":"https:\/\/blogs.acatlan.unam.mx\/saladeprensa","author_name":"NotiFES Digital","author_url":"https:\/\/blogs.acatlan.unam.mx\/saladeprensa\/author\/saladeprensa\/","title":"Listos para trabajar - NotiFES Digital","type":"rich","width":600,"height":338,"html":"<blockquote class=\"wp-embedded-content\" data-secret=\"CJwOhEe21N\"><a href=\"https:\/\/blogs.acatlan.unam.mx\/saladeprensa\/2025\/06\/04\/listos-para-trabajar\/\">Listos para trabajar<\/a><\/blockquote><iframe sandbox=\"allow-scripts\" security=\"restricted\" src=\"https:\/\/blogs.acatlan.unam.mx\/saladeprensa\/2025\/06\/04\/listos-para-trabajar\/embed\/#?secret=CJwOhEe21N\" width=\"600\" height=\"338\" title=\"\u00abListos para trabajar\u00bb \u2014 NotiFES Digital\" data-secret=\"CJwOhEe21N\" frameborder=\"0\" marginwidth=\"0\" marginheight=\"0\" scrolling=\"no\" class=\"wp-embedded-content\"><\/iframe><script type=\"text\/javascript\">\n\/* <![CDATA[ *\/\n\/*! This file is auto-generated *\/\n!function(d,l){\"use strict\";l.querySelector&&d.addEventListener&&\"undefined\"!=typeof URL&&(d.wp=d.wp||{},d.wp.receiveEmbedMessage||(d.wp.receiveEmbedMessage=function(e){var t=e.data;if((t||t.secret||t.message||t.value)&&!\/[^a-zA-Z0-9]\/.test(t.secret)){for(var s,r,n,a=l.querySelectorAll('iframe[data-secret=\"'+t.secret+'\"]'),o=l.querySelectorAll('blockquote[data-secret=\"'+t.secret+'\"]'),c=new RegExp(\"^https?:$\",\"i\"),i=0;i<o.length;i++)o[i].style.display=\"none\";for(i=0;i<a.length;i++)s=a[i],e.source===s.contentWindow&&(s.removeAttribute(\"style\"),\"height\"===t.message?(1e3<(r=parseInt(t.value,10))?r=1e3:~~r<200&&(r=200),s.height=r):\"link\"===t.message&&(r=new URL(s.getAttribute(\"src\")),n=new URL(t.value),c.test(n.protocol))&&n.host===r.host&&l.activeElement===s&&(d.top.location.href=t.value))}},d.addEventListener(\"message\",d.wp.receiveEmbedMessage,!1),l.addEventListener(\"DOMContentLoaded\",function(){for(var e,t,s=l.querySelectorAll(\"iframe.wp-embedded-content\"),r=0;r<s.length;r++)(t=(e=s[r]).getAttribute(\"data-secret\"))||(t=Math.random().toString(36).substring(2,12),e.src+=\"#?secret=\"+t,e.setAttribute(\"data-secret\",t)),e.contentWindow.postMessage({message:\"ready\",secret:t},\"*\")},!1)))}(window,document);\n\/* ]]> *\/\n<\/script>\n","description":"\u2022 Alumnos de Periodismo Digital produjeron el documental Despu\u00e9s de las Rejas Producir el documental Despu\u00e9s de las Rejas sirvi\u00f3 para que los estudiantes del octavo semestre de la materia Periodismo Digital, de Comunicaci\u00f3n, descubrieran que cuentan con las herramientas necesarias para realizar todo tipo de proyectos y no esperar a las pr\u00e1cticas profesionales, servicio [&hellip;]","thumbnail_url":"https:\/\/i.imgur.com\/mm9dzgjl.jpg"}

• Alumnos de Periodismo Digital produjeron el documental Después de las Rejas Producir el documental Después de las Rejas sirvió para que los estudiantes del octavo semestre de la materia Periodismo Digital, de Comunicación, descubrieran que cuentan con las herramientas necesarias para realizar todo tipo de proyectos y no esperar a las prácticas profesionales, servicio [&hellip;]
