{"id":30,"date":"2025-01-26T05:33:13","date_gmt":"2025-01-26T04:33:13","guid":{"rendered":"https:\/\/blogs.acatlan.unam.mx\/memoria\/?page_id=30"},"modified":"2025-03-18T12:30:22","modified_gmt":"2025-03-18T18:30:22","slug":"participantes","status":"publish","type":"page","link":"https:\/\/blogs.acatlan.unam.mx\/memoria\/participantes\/","title":{"rendered":"Participantes"},"content":{"rendered":"\n<h4 class=\"wp-block-heading\"><\/h4>\n\n\n\n<p><strong>Mtro. Gerardo Garc\u00eda y Garc\u00eda Pi\u00f1a<\/strong> &#8211; Coordinador del proyecto. Egresado de Acatl\u00e1n en la licenciatura de Periodismo y Comunicaci\u00f3n Colectiva. Maestro en Dise\u00f1o Multimedia. Profesor de Tiempo Completo. Imparte las asignaturas de Edici\u00f3n de Audio, Producci\u00f3n Radiof\u00f3nica, Radio Especializada y Edici\u00f3n de Video en la licenciatura en Comunicaci\u00f3n.<\/p>\n\n\n\n<p><strong>Mtra. Ofelia Castro Paredes<\/strong> &#8211; Corresponsable\/Coordinadora de Entrevistas. Egresada de Acatl\u00e1n en la licenciatura de Periodismo y Comunicaci\u00f3n Colectiva. Maestra en Comunicaci\u00f3n y Tecnolog\u00edas Educativas. T\u00e9cnico Acad\u00e9mico Asociado Definitivo. Imparte las asignaturas de G\u00e9neros Period\u00edsticos II, Entrevista, producci\u00f3n Televisiva en la licenciatura en Comunicaci\u00f3n.<\/p>\n\n\n\n<p><strong>Lic. Rolando Flores Morales<\/strong> &#8211; Apoyo t\u00e9cnico, grabaci\u00f3n y edici\u00f3n. Egresado de Acatl\u00e1n en la licenciatura de Comunicaci\u00f3n. Profesor en la Universidad Francomexicana. Imparte las asignaturas: Teor\u00eda de la televisi\u00f3n, Producci\u00f3n de televisi\u00f3n comercial, Producci\u00f3n de televisi\u00f3n educativa y cultural, Producci\u00f3n Cinematogr\u00e1fica de las licenciaturas de Ciencias de la Comunicaci\u00f3n y Dise\u00f1o Gr\u00e1fico y Publicidad.<\/p>\n\n\n\n<p><strong>Lic. Adriana Cervantes Soto<\/strong> &#8211; Facilitadora de materiales del Centro de Difusi\u00f3n Cultural. Lic. Periodismo y Comunicaci\u00f3n Colectiva. Maestrando Tecnolog\u00eda digital para la educaci\u00f3n.<\/p>\n\n\n\n<p><strong>Oscar Camarena Elizalde<\/strong> &#8211; Apoyo en la Investigaci\u00f3n, log\u00edstica, grabaci\u00f3n y edici\u00f3n. Becario. Egresado de la licenciatura en Comunicaci\u00f3n en el campo Comunicaci\u00f3n multimedia y cultura. Tesista en la modalidad de Apoyo a la Investigaci\u00f3n con el tema de tesina &#8220;T\u00e9cnicas para la documentaci\u00f3n de una memoria colectiva en la Facultad de Estudios Superiores Acatl\u00e1n&#8221;<\/p>\n\n\n\n<p><strong>Diego Arrieta Rionda<\/strong> &#8211; Apoyo en la Investigaci\u00f3n, grabaci\u00f3n y edici\u00f3n. Becario. Egresado de la licenciatura en Comunicaci\u00f3n en el campo Comunicaci\u00f3n multimedia y cultura. Titulaci\u00f3n por promedio.<\/p>\n\n\n\n<p><strong>Laura Pen\u00e9lope Lopecede\u00f1o L\u00f3pez<\/strong> &#8211; Apoyo en la Investigaci\u00f3n, grabaci\u00f3n y edici\u00f3n. Becaria. Alumna de FES Acatl\u00e1n en el \u00faltimo semestre de la Licenciatura en Comunicaci\u00f3n en el campo Comunicaci\u00f3n multimedia y cultura.<\/p>\n\n\n\n<p><strong>Lizbeth Janely Garcia Vazquez<\/strong> &#8211; Apoyo en la Investigaci\u00f3n, grabaci\u00f3n y edici\u00f3n. Servicio Social. Alumna de Acatl\u00e1n en el \u00faltimo semestre de la Licenciatura en Comunicaci\u00f3n en el campo Comunicaci\u00f3n multimedia y cultura.<\/p>\n\n\n\n<p><strong>Humberto Arturo Jara Astorga<\/strong> &#8211; Apoyo en la Investigaci\u00f3n, grabaci\u00f3n y edici\u00f3n. Alumno de Acatl\u00e1n en el \u00faltimo semestre de la Licenciatura en Comunicaci\u00f3n en el campo Comunicaci\u00f3n multimedia y cultura.<\/p>\n\n\n\n<p><strong>Alejandro S\u00e1nchez Magdaleno<\/strong> &#8211; Desarrollo web. Servicio Social. Alumno de la Licenciatura en Matem\u00e1ticas Aplicadas y Computaci\u00f3n.<\/p>\n\n\n\n<p><strong>Dafne Elizabeth Zepeda Gonz\u00e1lez<\/strong> &#8211; Desarrollo web. Servicio Social. Alumna de la Licenciatura en Matem\u00e1ticas Aplicadas y Computaci\u00f3n.<\/p>\n\n\n\n<p><strong>Sebasti\u00e1n Mendoza Reyes<\/strong> &#8211; Apoyo en la grabaci\u00f3n y edici\u00f3n. Egresado de FES Acatl\u00e1n de la Licenciatura en Comunicaci\u00f3n en el campo Comunicaci\u00f3n multimedia y cultura.<\/p>\n\n\n\n<p><strong>Apoyo en la Investigaci\u00f3n, grabaci\u00f3n y edici\u00f3n:<\/strong><\/p>\n\n\n\n<p>Andrea Garc\u00eda Gonz\u00e1lez<\/p>\n\n\n\n<p>Erick S\u00e1nchez Garc\u00eda<\/p>\n\n\n\n<p>Gregorio Jim\u00e9nez Escobar<\/p>\n\n\n\n<p>Israel Araujo Guerrero<\/p>\n\n\n\n<p>Karla Daniela Lagunas Cruz<\/p>\n\n\n\n<p>Sebasti\u00e1n Mendoza Reyes<\/p>\n\n\n\n<p>Ximena M\u00e1rquez Bola\u00f1os<\/p>\n\n\n\n<p><\/p>\n","protected":false},"excerpt":{"rendered":"<p>Mtro. Gerardo Garc\u00eda y Garc\u00eda Pi\u00f1a &#8211; Coordinador del proyecto. Egresado de Acatl\u00e1n en la licenciatura de Periodismo y Comunicaci\u00f3n Colectiva. Maestro en Dise\u00f1o Multimedia. Profesor de Tiempo Completo. Imparte&hellip;<\/p>\n","protected":false},"author":1,"featured_media":0,"parent":0,"menu_order":0,"comment_status":"closed","ping_status":"closed","template":"","meta":{"_exactmetrics_skip_tracking":false,"_exactmetrics_sitenote_active":false,"_exactmetrics_sitenote_note":"","_exactmetrics_sitenote_category":0,"footnotes":""},"class_list":["post-30","page","type-page","status-publish","hentry"],"yoast_head":"<!-- This site is optimized with the Yoast SEO plugin v24.7 - https:\/\/yoast.com\/wordpress\/plugins\/seo\/ -->\n<title>Participantes - Memoria colectiva de la FES Acatl\u00e1n<\/title>\n<meta name=\"robots\" content=\"index, follow, max-snippet:-1, max-image-preview:large, max-video-preview:-1\" \/>\n<link rel=\"canonical\" href=\"https:\/\/blogs.acatlan.unam.mx\/memoria\/participantes\/\" \/>\n<meta property=\"og:locale\" content=\"es_ES\" \/>\n<meta property=\"og:type\" content=\"article\" \/>\n<meta property=\"og:title\" content=\"Participantes - Memoria colectiva de la FES Acatl\u00e1n\" \/>\n<meta property=\"og:description\" content=\"Mtro. Gerardo Garc\u00eda y Garc\u00eda Pi\u00f1a &#8211; Coordinador del proyecto. Egresado de Acatl\u00e1n en la licenciatura de Periodismo y Comunicaci\u00f3n Colectiva. Maestro en Dise\u00f1o Multimedia. Profesor de Tiempo Completo. Imparte&hellip;\" \/>\n<meta property=\"og:url\" content=\"https:\/\/blogs.acatlan.unam.mx\/memoria\/participantes\/\" \/>\n<meta property=\"og:site_name\" content=\"Memoria colectiva de la FES Acatl\u00e1n\" \/>\n<meta property=\"article:modified_time\" content=\"2025-03-18T18:30:22+00:00\" \/>\n<meta name=\"twitter:card\" content=\"summary_large_image\" \/>\n<meta name=\"twitter:label1\" content=\"Tiempo de lectura\" \/>\n\t<meta name=\"twitter:data1\" content=\"2 minutos\" \/>\n<script type=\"application\/ld+json\" class=\"yoast-schema-graph\">{\"@context\":\"https:\/\/schema.org\",\"@graph\":[{\"@type\":\"WebPage\",\"@id\":\"https:\/\/blogs.acatlan.unam.mx\/memoria\/participantes\/\",\"url\":\"https:\/\/blogs.acatlan.unam.mx\/memoria\/participantes\/\",\"name\":\"Participantes - Memoria colectiva de la FES Acatl\u00e1n\",\"isPartOf\":{\"@id\":\"https:\/\/blogs.acatlan.unam.mx\/memoria\/#website\"},\"datePublished\":\"2025-01-26T04:33:13+00:00\",\"dateModified\":\"2025-03-18T18:30:22+00:00\",\"breadcrumb\":{\"@id\":\"https:\/\/blogs.acatlan.unam.mx\/memoria\/participantes\/#breadcrumb\"},\"inLanguage\":\"es\",\"potentialAction\":[{\"@type\":\"ReadAction\",\"target\":[\"https:\/\/blogs.acatlan.unam.mx\/memoria\/participantes\/\"]}]},{\"@type\":\"BreadcrumbList\",\"@id\":\"https:\/\/blogs.acatlan.unam.mx\/memoria\/participantes\/#breadcrumb\",\"itemListElement\":[{\"@type\":\"ListItem\",\"position\":1,\"name\":\"Portada\",\"item\":\"https:\/\/blogs.acatlan.unam.mx\/memoria\/\"},{\"@type\":\"ListItem\",\"position\":2,\"name\":\"Participantes\"}]},{\"@type\":\"WebSite\",\"@id\":\"https:\/\/blogs.acatlan.unam.mx\/memoria\/#website\",\"url\":\"https:\/\/blogs.acatlan.unam.mx\/memoria\/\",\"name\":\"Memoria colectiva de la FES Acatl\u00e1n\",\"description\":\"\",\"potentialAction\":[{\"@type\":\"SearchAction\",\"target\":{\"@type\":\"EntryPoint\",\"urlTemplate\":\"https:\/\/blogs.acatlan.unam.mx\/memoria\/?s={search_term_string}\"},\"query-input\":{\"@type\":\"PropertyValueSpecification\",\"valueRequired\":true,\"valueName\":\"search_term_string\"}}],\"inLanguage\":\"es\"}]}<\/script>\n<!-- \/ Yoast SEO plugin. -->","yoast_head_json":{"title":"Participantes - Memoria colectiva de la FES Acatl\u00e1n","robots":{"index":"index","follow":"follow","max-snippet":"max-snippet:-1","max-image-preview":"max-image-preview:large","max-video-preview":"max-video-preview:-1"},"canonical":"https:\/\/blogs.acatlan.unam.mx\/memoria\/participantes\/","og_locale":"es_ES","og_type":"article","og_title":"Participantes - Memoria colectiva de la FES Acatl\u00e1n","og_description":"Mtro. Gerardo Garc\u00eda y Garc\u00eda Pi\u00f1a &#8211; Coordinador del proyecto. Egresado de Acatl\u00e1n en la licenciatura de Periodismo y Comunicaci\u00f3n Colectiva. Maestro en Dise\u00f1o Multimedia. Profesor de Tiempo Completo. Imparte&hellip;","og_url":"https:\/\/blogs.acatlan.unam.mx\/memoria\/participantes\/","og_site_name":"Memoria colectiva de la FES Acatl\u00e1n","article_modified_time":"2025-03-18T18:30:22+00:00","twitter_card":"summary_large_image","twitter_misc":{"Tiempo de lectura":"2 minutos"},"schema":{"@context":"https:\/\/schema.org","@graph":[{"@type":"WebPage","@id":"https:\/\/blogs.acatlan.unam.mx\/memoria\/participantes\/","url":"https:\/\/blogs.acatlan.unam.mx\/memoria\/participantes\/","name":"Participantes - Memoria colectiva de la FES Acatl\u00e1n","isPartOf":{"@id":"https:\/\/blogs.acatlan.unam.mx\/memoria\/#website"},"datePublished":"2025-01-26T04:33:13+00:00","dateModified":"2025-03-18T18:30:22+00:00","breadcrumb":{"@id":"https:\/\/blogs.acatlan.unam.mx\/memoria\/participantes\/#breadcrumb"},"inLanguage":"es","potentialAction":[{"@type":"ReadAction","target":["https:\/\/blogs.acatlan.unam.mx\/memoria\/participantes\/"]}]},{"@type":"BreadcrumbList","@id":"https:\/\/blogs.acatlan.unam.mx\/memoria\/participantes\/#breadcrumb","itemListElement":[{"@type":"ListItem","position":1,"name":"Portada","item":"https:\/\/blogs.acatlan.unam.mx\/memoria\/"},{"@type":"ListItem","position":2,"name":"Participantes"}]},{"@type":"WebSite","@id":"https:\/\/blogs.acatlan.unam.mx\/memoria\/#website","url":"https:\/\/blogs.acatlan.unam.mx\/memoria\/","name":"Memoria colectiva de la FES Acatl\u00e1n","description":"","potentialAction":[{"@type":"SearchAction","target":{"@type":"EntryPoint","urlTemplate":"https:\/\/blogs.acatlan.unam.mx\/memoria\/?s={search_term_string}"},"query-input":{"@type":"PropertyValueSpecification","valueRequired":true,"valueName":"search_term_string"}}],"inLanguage":"es"}]}},"_links":{"self":[{"href":"https:\/\/blogs.acatlan.unam.mx\/memoria\/wp-json\/wp\/v2\/pages\/30","targetHints":{"allow":["GET"]}}],"collection":[{"href":"https:\/\/blogs.acatlan.unam.mx\/memoria\/wp-json\/wp\/v2\/pages"}],"about":[{"href":"https:\/\/blogs.acatlan.unam.mx\/memoria\/wp-json\/wp\/v2\/types\/page"}],"author":[{"embeddable":true,"href":"https:\/\/blogs.acatlan.unam.mx\/memoria\/wp-json\/wp\/v2\/users\/1"}],"replies":[{"embeddable":true,"href":"https:\/\/blogs.acatlan.unam.mx\/memoria\/wp-json\/wp\/v2\/comments?post=30"}],"version-history":[{"count":3,"href":"https:\/\/blogs.acatlan.unam.mx\/memoria\/wp-json\/wp\/v2\/pages\/30\/revisions"}],"predecessor-version":[{"id":364,"href":"https:\/\/blogs.acatlan.unam.mx\/memoria\/wp-json\/wp\/v2\/pages\/30\/revisions\/364"}],"wp:attachment":[{"href":"https:\/\/blogs.acatlan.unam.mx\/memoria\/wp-json\/wp\/v2\/media?parent=30"}],"curies":[{"name":"wp","href":"https:\/\/api.w.org\/{rel}","templated":true}]}}