{"id":710,"date":"2026-01-27T03:36:48","date_gmt":"2026-01-27T03:36:48","guid":{"rendered":"https:\/\/blogs.acatlan.unam.mx\/literaturaindigena\/?page_id=710"},"modified":"2026-01-27T03:36:48","modified_gmt":"2026-01-27T03:36:48","slug":"primer-lugar-de-poesia","status":"publish","type":"page","link":"https:\/\/blogs.acatlan.unam.mx\/literaturaindigena\/primer-lugar-de-poesia\/","title":{"rendered":"Primer lugar de poes\u00eda"},"content":{"rendered":"","protected":false},"excerpt":{"rendered":"","protected":false},"author":66,"featured_media":0,"parent":0,"menu_order":0,"comment_status":"closed","ping_status":"closed","template":"","meta":{"_exactmetrics_skip_tracking":false,"_exactmetrics_sitenote_active":false,"_exactmetrics_sitenote_note":"","_exactmetrics_sitenote_category":0,"footnotes":""},"class_list":["post-710","page","type-page","status-publish","hentry"],"yoast_head":"<!-- This site is optimized with the Yoast SEO plugin v24.7 - https:\/\/yoast.com\/wordpress\/plugins\/seo\/ -->\n<title>Primer lugar de poes\u00eda - Aproximaci\u00f3n a la literatura en lenguas ind\u00edgenas mexicanas<\/title>\n<meta name=\"robots\" content=\"index, follow, max-snippet:-1, max-image-preview:large, max-video-preview:-1\" \/>\n<link rel=\"canonical\" href=\"https:\/\/blogs.acatlan.unam.mx\/literaturaindigena\/primer-lugar-de-poesia\/\" \/>\n<meta property=\"og:locale\" content=\"es_ES\" \/>\n<meta property=\"og:type\" content=\"article\" \/>\n<meta property=\"og:title\" content=\"Primer lugar de poes\u00eda - Aproximaci\u00f3n a la literatura en lenguas ind\u00edgenas mexicanas\" \/>\n<meta property=\"og:url\" content=\"https:\/\/blogs.acatlan.unam.mx\/literaturaindigena\/primer-lugar-de-poesia\/\" \/>\n<meta property=\"og:site_name\" content=\"Aproximaci\u00f3n a la literatura en lenguas ind\u00edgenas mexicanas\" \/>\n<meta name=\"twitter:card\" content=\"summary_large_image\" \/>\n<script type=\"application\/ld+json\" class=\"yoast-schema-graph\">{\"@context\":\"https:\/\/schema.org\",\"@graph\":[{\"@type\":\"WebPage\",\"@id\":\"https:\/\/blogs.acatlan.unam.mx\/literaturaindigena\/primer-lugar-de-poesia\/\",\"url\":\"https:\/\/blogs.acatlan.unam.mx\/literaturaindigena\/primer-lugar-de-poesia\/\",\"name\":\"Primer lugar de poes\u00eda - Aproximaci\u00f3n a la literatura en lenguas ind\u00edgenas mexicanas\",\"isPartOf\":{\"@id\":\"https:\/\/blogs.acatlan.unam.mx\/literaturaindigena\/#website\"},\"datePublished\":\"2026-01-27T03:36:48+00:00\",\"breadcrumb\":{\"@id\":\"https:\/\/blogs.acatlan.unam.mx\/literaturaindigena\/primer-lugar-de-poesia\/#breadcrumb\"},\"inLanguage\":\"es\",\"potentialAction\":[{\"@type\":\"ReadAction\",\"target\":[\"https:\/\/blogs.acatlan.unam.mx\/literaturaindigena\/primer-lugar-de-poesia\/\"]}]},{\"@type\":\"BreadcrumbList\",\"@id\":\"https:\/\/blogs.acatlan.unam.mx\/literaturaindigena\/primer-lugar-de-poesia\/#breadcrumb\",\"itemListElement\":[{\"@type\":\"ListItem\",\"position\":1,\"name\":\"Portada\",\"item\":\"https:\/\/blogs.acatlan.unam.mx\/literaturaindigena\/\"},{\"@type\":\"ListItem\",\"position\":2,\"name\":\"Primer lugar de poes\u00eda\"}]},{\"@type\":\"WebSite\",\"@id\":\"https:\/\/blogs.acatlan.unam.mx\/literaturaindigena\/#website\",\"url\":\"https:\/\/blogs.acatlan.unam.mx\/literaturaindigena\/\",\"name\":\"Aproximaci\u00f3n a la literatura en lenguas ind\u00edgenas mexicanas\",\"description\":\"Blog derivado del proyecto \u201cAproximaci\u00f3n a la literatura en lenguas ind\u00edgenas mexicanas\u201d  FES Acatl\u00e1n\",\"potentialAction\":[{\"@type\":\"SearchAction\",\"target\":{\"@type\":\"EntryPoint\",\"urlTemplate\":\"https:\/\/blogs.acatlan.unam.mx\/literaturaindigena\/?s={search_term_string}\"},\"query-input\":{\"@type\":\"PropertyValueSpecification\",\"valueRequired\":true,\"valueName\":\"search_term_string\"}}],\"inLanguage\":\"es\"}]}<\/script>\n<!-- \/ Yoast SEO plugin. -->","yoast_head_json":{"title":"Primer lugar de poes\u00eda - Aproximaci\u00f3n a la literatura en lenguas ind\u00edgenas mexicanas","robots":{"index":"index","follow":"follow","max-snippet":"max-snippet:-1","max-image-preview":"max-image-preview:large","max-video-preview":"max-video-preview:-1"},"canonical":"https:\/\/blogs.acatlan.unam.mx\/literaturaindigena\/primer-lugar-de-poesia\/","og_locale":"es_ES","og_type":"article","og_title":"Primer lugar de poes\u00eda - Aproximaci\u00f3n a la literatura en lenguas ind\u00edgenas mexicanas","og_url":"https:\/\/blogs.acatlan.unam.mx\/literaturaindigena\/primer-lugar-de-poesia\/","og_site_name":"Aproximaci\u00f3n a la literatura en lenguas ind\u00edgenas mexicanas","twitter_card":"summary_large_image","schema":{"@context":"https:\/\/schema.org","@graph":[{"@type":"WebPage","@id":"https:\/\/blogs.acatlan.unam.mx\/literaturaindigena\/primer-lugar-de-poesia\/","url":"https:\/\/blogs.acatlan.unam.mx\/literaturaindigena\/primer-lugar-de-poesia\/","name":"Primer lugar de poes\u00eda - Aproximaci\u00f3n a la literatura en lenguas ind\u00edgenas mexicanas","isPartOf":{"@id":"https:\/\/blogs.acatlan.unam.mx\/literaturaindigena\/#website"},"datePublished":"2026-01-27T03:36:48+00:00","breadcrumb":{"@id":"https:\/\/blogs.acatlan.unam.mx\/literaturaindigena\/primer-lugar-de-poesia\/#breadcrumb"},"inLanguage":"es","potentialAction":[{"@type":"ReadAction","target":["https:\/\/blogs.acatlan.unam.mx\/literaturaindigena\/primer-lugar-de-poesia\/"]}]},{"@type":"BreadcrumbList","@id":"https:\/\/blogs.acatlan.unam.mx\/literaturaindigena\/primer-lugar-de-poesia\/#breadcrumb","itemListElement":[{"@type":"ListItem","position":1,"name":"Portada","item":"https:\/\/blogs.acatlan.unam.mx\/literaturaindigena\/"},{"@type":"ListItem","position":2,"name":"Primer lugar de poes\u00eda"}]},{"@type":"WebSite","@id":"https:\/\/blogs.acatlan.unam.mx\/literaturaindigena\/#website","url":"https:\/\/blogs.acatlan.unam.mx\/literaturaindigena\/","name":"Aproximaci\u00f3n a la literatura en lenguas ind\u00edgenas mexicanas","description":"Blog derivado del proyecto \u201cAproximaci\u00f3n a la literatura en lenguas ind\u00edgenas mexicanas\u201d  FES Acatl\u00e1n","potentialAction":[{"@type":"SearchAction","target":{"@type":"EntryPoint","urlTemplate":"https:\/\/blogs.acatlan.unam.mx\/literaturaindigena\/?s={search_term_string}"},"query-input":{"@type":"PropertyValueSpecification","valueRequired":true,"valueName":"search_term_string"}}],"inLanguage":"es"}]}},"_links":{"self":[{"href":"https:\/\/blogs.acatlan.unam.mx\/literaturaindigena\/wp-json\/wp\/v2\/pages\/710","targetHints":{"allow":["GET"]}}],"collection":[{"href":"https:\/\/blogs.acatlan.unam.mx\/literaturaindigena\/wp-json\/wp\/v2\/pages"}],"about":[{"href":"https:\/\/blogs.acatlan.unam.mx\/literaturaindigena\/wp-json\/wp\/v2\/types\/page"}],"author":[{"embeddable":true,"href":"https:\/\/blogs.acatlan.unam.mx\/literaturaindigena\/wp-json\/wp\/v2\/users\/66"}],"replies":[{"embeddable":true,"href":"https:\/\/blogs.acatlan.unam.mx\/literaturaindigena\/wp-json\/wp\/v2\/comments?post=710"}],"version-history":[{"count":1,"href":"https:\/\/blogs.acatlan.unam.mx\/literaturaindigena\/wp-json\/wp\/v2\/pages\/710\/revisions"}],"predecessor-version":[{"id":715,"href":"https:\/\/blogs.acatlan.unam.mx\/literaturaindigena\/wp-json\/wp\/v2\/pages\/710\/revisions\/715"}],"wp:attachment":[{"href":"https:\/\/blogs.acatlan.unam.mx\/literaturaindigena\/wp-json\/wp\/v2\/media?parent=710"}],"curies":[{"name":"wp","href":"https:\/\/api.w.org\/{rel}","templated":true}]}}