{"id":214,"date":"2019-10-24T19:08:31","date_gmt":"2019-10-24T19:08:31","guid":{"rendered":"http:\/\/blogs.acatlan.unam.mx\/literaturaindigena\/?page_id=214"},"modified":"2023-09-21T02:29:31","modified_gmt":"2023-09-21T02:29:31","slug":"armando-sanchez-gomez-2","status":"publish","type":"page","link":"https:\/\/blogs.acatlan.unam.mx\/literaturaindigena\/armando-sanchez-gomez-2\/","title":{"rendered":"Armando S\u00e1nchez G\u00f3mez"},"content":{"rendered":"<p><span style=\"font-weight: 400\">(Chaonil, Oxchuc, Chiapas, 1965)<\/span><\/p>\n<p>&nbsp;<\/p>\n<p><span style=\"font-weight: 400\">Profesor y escritor tzeltal. Estudi\u00f3 Pedagog\u00eda de la Educaci\u00f3n Preescolar Ind\u00edgena. Tiene un diplomado en Creaci\u00f3n Literaria por la SOGEM. Curs\u00f3 los seminarios de Creaci\u00f3n Po\u00e9tica y Narrativa el CELALI, y Literaturas Ind\u00edgenas Contempor\u00e1neas en la Facultad de Filosof\u00eda y Letras.\u00a0<\/span><\/p>\n<p><span style=\"font-weight: 400\">Ha publicado diversas obras, adem\u00e1s, colabor\u00f3 en el primer volumen de <\/span><i><span style=\"font-weight: 400\">Historia y vida de nuestros pueblos<\/span><\/i><span style=\"font-weight: 400\">. Fue coautor de <\/span><i><span style=\"font-weight: 400\">Sk\u2019opJamal<\/span><\/i><span style=\"font-weight: 400\"> (Voces de la Selva) y <\/span><i><span style=\"font-weight: 400\">Memoria hist\u00f3rica. Vol 4. Mitos del Ma\u00edz de Nuestros Padres<\/span><\/i><span style=\"font-weight: 400\">.<\/span><\/p>\n<p><span style=\"font-weight: 400\">Tambi\u00e9n fue coordinador del taller literario en Lengua tseltal y coordinador editorial de La palabra es de los J\u00f3venes, publicado por el Instituto Mexicano de la Juventud.\u00a0<\/span><\/p>\n<p><span style=\"font-weight: 400\">En el a\u00f1o 2000 fue becario del FOESCA y public\u00f3 su libro <\/span><i><span style=\"font-weight: 400\">Pinceladas po\u00e9ticas<\/span><\/i><span style=\"font-weight: 400\">. En 2015 recibi\u00f3 el IX Premio Internacional de Poes\u00eda del Mundo Maya Waldemar Noch Tzec.<\/span><\/p>\n<p>&nbsp;<\/p>\n<p><b>Narraciones:\u00a0<\/b><\/p>\n<ul>\n<li style=\"font-weight: 400\"><a href=\"https:\/\/drive.google.com\/file\/d\/1vi01KsQg9Gx4BhIdNU0jbZBiCbDmOhnW\/view?usp=sharing\" target=\"_blank\" rel=\"noopener\"><span style=\"font-weight: 400\">Tul ch\u2019in ach\u2019ix sok me\u2019ok\u2019il\u2019 (Una ni\u00f1a y una coyota)<\/span><\/a><\/li>\n<\/ul>\n","protected":false},"excerpt":{"rendered":"<p>(Chaonil, Oxchuc, Chiapas, 1965) &nbsp; Profesor y escritor tzeltal. Estudi\u00f3 Pedagog\u00eda de la Educaci\u00f3n Preescolar Ind\u00edgena. Tiene un diplomado en Creaci\u00f3n Literaria por la SOGEM. Curs\u00f3 los seminarios de Creaci\u00f3n Po\u00e9tica y Narrativa el CELALI, y Literaturas Ind\u00edgenas Contempor\u00e1neas en &hellip; <a href=\"https:\/\/blogs.acatlan.unam.mx\/literaturaindigena\/armando-sanchez-gomez-2\/\">Sigue leyendo <span class=\"meta-nav\">&rarr;<\/span><\/a><\/p>\n","protected":false},"author":66,"featured_media":0,"parent":0,"menu_order":0,"comment_status":"closed","ping_status":"closed","template":"","meta":{"_exactmetrics_skip_tracking":false,"_exactmetrics_sitenote_active":false,"_exactmetrics_sitenote_note":"","_exactmetrics_sitenote_category":0,"footnotes":""},"class_list":["post-214","page","type-page","status-publish","hentry"],"yoast_head":"<!-- This site is optimized with the Yoast SEO plugin v24.7 - https:\/\/yoast.com\/wordpress\/plugins\/seo\/ -->\n<title>Armando S\u00e1nchez G\u00f3mez - Aproximaci\u00f3n a la literatura en lenguas ind\u00edgenas mexicanas<\/title>\n<meta name=\"robots\" content=\"index, follow, max-snippet:-1, max-image-preview:large, max-video-preview:-1\" \/>\n<link rel=\"canonical\" href=\"https:\/\/blogs.acatlan.unam.mx\/literaturaindigena\/armando-sanchez-gomez-2\/\" \/>\n<meta property=\"og:locale\" content=\"es_ES\" \/>\n<meta property=\"og:type\" content=\"article\" \/>\n<meta property=\"og:title\" content=\"Armando S\u00e1nchez G\u00f3mez - Aproximaci\u00f3n a la literatura en lenguas ind\u00edgenas mexicanas\" \/>\n<meta property=\"og:description\" content=\"(Chaonil, Oxchuc, Chiapas, 1965) &nbsp; Profesor y escritor tzeltal. Estudi\u00f3 Pedagog\u00eda de la Educaci\u00f3n Preescolar Ind\u00edgena. Tiene un diplomado en Creaci\u00f3n Literaria por la SOGEM. Curs\u00f3 los seminarios de Creaci\u00f3n Po\u00e9tica y Narrativa el CELALI, y Literaturas Ind\u00edgenas Contempor\u00e1neas en &hellip; Sigue leyendo &rarr;\" \/>\n<meta property=\"og:url\" content=\"https:\/\/blogs.acatlan.unam.mx\/literaturaindigena\/armando-sanchez-gomez-2\/\" \/>\n<meta property=\"og:site_name\" content=\"Aproximaci\u00f3n a la literatura en lenguas ind\u00edgenas mexicanas\" \/>\n<meta property=\"article:modified_time\" content=\"2023-09-21T02:29:31+00:00\" \/>\n<meta name=\"twitter:card\" content=\"summary_large_image\" \/>\n<meta name=\"twitter:label1\" content=\"Tiempo de lectura\" \/>\n\t<meta name=\"twitter:data1\" content=\"1 minuto\" \/>\n<script type=\"application\/ld+json\" class=\"yoast-schema-graph\">{\"@context\":\"https:\/\/schema.org\",\"@graph\":[{\"@type\":\"WebPage\",\"@id\":\"https:\/\/blogs.acatlan.unam.mx\/literaturaindigena\/armando-sanchez-gomez-2\/\",\"url\":\"https:\/\/blogs.acatlan.unam.mx\/literaturaindigena\/armando-sanchez-gomez-2\/\",\"name\":\"Armando S\u00e1nchez G\u00f3mez - Aproximaci\u00f3n a la literatura en lenguas ind\u00edgenas mexicanas\",\"isPartOf\":{\"@id\":\"https:\/\/blogs.acatlan.unam.mx\/literaturaindigena\/#website\"},\"datePublished\":\"2019-10-24T19:08:31+00:00\",\"dateModified\":\"2023-09-21T02:29:31+00:00\",\"breadcrumb\":{\"@id\":\"https:\/\/blogs.acatlan.unam.mx\/literaturaindigena\/armando-sanchez-gomez-2\/#breadcrumb\"},\"inLanguage\":\"es\",\"potentialAction\":[{\"@type\":\"ReadAction\",\"target\":[\"https:\/\/blogs.acatlan.unam.mx\/literaturaindigena\/armando-sanchez-gomez-2\/\"]}]},{\"@type\":\"BreadcrumbList\",\"@id\":\"https:\/\/blogs.acatlan.unam.mx\/literaturaindigena\/armando-sanchez-gomez-2\/#breadcrumb\",\"itemListElement\":[{\"@type\":\"ListItem\",\"position\":1,\"name\":\"Portada\",\"item\":\"https:\/\/blogs.acatlan.unam.mx\/literaturaindigena\/\"},{\"@type\":\"ListItem\",\"position\":2,\"name\":\"Armando S\u00e1nchez G\u00f3mez\"}]},{\"@type\":\"WebSite\",\"@id\":\"https:\/\/blogs.acatlan.unam.mx\/literaturaindigena\/#website\",\"url\":\"https:\/\/blogs.acatlan.unam.mx\/literaturaindigena\/\",\"name\":\"Aproximaci\u00f3n a la literatura en lenguas ind\u00edgenas mexicanas\",\"description\":\"Blog derivado del proyecto \u201cAproximaci\u00f3n a la literatura en lenguas ind\u00edgenas mexicanas\u201d  FES Acatl\u00e1n\",\"potentialAction\":[{\"@type\":\"SearchAction\",\"target\":{\"@type\":\"EntryPoint\",\"urlTemplate\":\"https:\/\/blogs.acatlan.unam.mx\/literaturaindigena\/?s={search_term_string}\"},\"query-input\":{\"@type\":\"PropertyValueSpecification\",\"valueRequired\":true,\"valueName\":\"search_term_string\"}}],\"inLanguage\":\"es\"}]}<\/script>\n<!-- \/ Yoast SEO plugin. -->","yoast_head_json":{"title":"Armando S\u00e1nchez G\u00f3mez - Aproximaci\u00f3n a la literatura en lenguas ind\u00edgenas mexicanas","robots":{"index":"index","follow":"follow","max-snippet":"max-snippet:-1","max-image-preview":"max-image-preview:large","max-video-preview":"max-video-preview:-1"},"canonical":"https:\/\/blogs.acatlan.unam.mx\/literaturaindigena\/armando-sanchez-gomez-2\/","og_locale":"es_ES","og_type":"article","og_title":"Armando S\u00e1nchez G\u00f3mez - Aproximaci\u00f3n a la literatura en lenguas ind\u00edgenas mexicanas","og_description":"(Chaonil, Oxchuc, Chiapas, 1965) &nbsp; Profesor y escritor tzeltal. Estudi\u00f3 Pedagog\u00eda de la Educaci\u00f3n Preescolar Ind\u00edgena. Tiene un diplomado en Creaci\u00f3n Literaria por la SOGEM. Curs\u00f3 los seminarios de Creaci\u00f3n Po\u00e9tica y Narrativa el CELALI, y Literaturas Ind\u00edgenas Contempor\u00e1neas en &hellip; Sigue leyendo &rarr;","og_url":"https:\/\/blogs.acatlan.unam.mx\/literaturaindigena\/armando-sanchez-gomez-2\/","og_site_name":"Aproximaci\u00f3n a la literatura en lenguas ind\u00edgenas mexicanas","article_modified_time":"2023-09-21T02:29:31+00:00","twitter_card":"summary_large_image","twitter_misc":{"Tiempo de lectura":"1 minuto"},"schema":{"@context":"https:\/\/schema.org","@graph":[{"@type":"WebPage","@id":"https:\/\/blogs.acatlan.unam.mx\/literaturaindigena\/armando-sanchez-gomez-2\/","url":"https:\/\/blogs.acatlan.unam.mx\/literaturaindigena\/armando-sanchez-gomez-2\/","name":"Armando S\u00e1nchez G\u00f3mez - Aproximaci\u00f3n a la literatura en lenguas ind\u00edgenas mexicanas","isPartOf":{"@id":"https:\/\/blogs.acatlan.unam.mx\/literaturaindigena\/#website"},"datePublished":"2019-10-24T19:08:31+00:00","dateModified":"2023-09-21T02:29:31+00:00","breadcrumb":{"@id":"https:\/\/blogs.acatlan.unam.mx\/literaturaindigena\/armando-sanchez-gomez-2\/#breadcrumb"},"inLanguage":"es","potentialAction":[{"@type":"ReadAction","target":["https:\/\/blogs.acatlan.unam.mx\/literaturaindigena\/armando-sanchez-gomez-2\/"]}]},{"@type":"BreadcrumbList","@id":"https:\/\/blogs.acatlan.unam.mx\/literaturaindigena\/armando-sanchez-gomez-2\/#breadcrumb","itemListElement":[{"@type":"ListItem","position":1,"name":"Portada","item":"https:\/\/blogs.acatlan.unam.mx\/literaturaindigena\/"},{"@type":"ListItem","position":2,"name":"Armando S\u00e1nchez G\u00f3mez"}]},{"@type":"WebSite","@id":"https:\/\/blogs.acatlan.unam.mx\/literaturaindigena\/#website","url":"https:\/\/blogs.acatlan.unam.mx\/literaturaindigena\/","name":"Aproximaci\u00f3n a la literatura en lenguas ind\u00edgenas mexicanas","description":"Blog derivado del proyecto \u201cAproximaci\u00f3n a la literatura en lenguas ind\u00edgenas mexicanas\u201d  FES Acatl\u00e1n","potentialAction":[{"@type":"SearchAction","target":{"@type":"EntryPoint","urlTemplate":"https:\/\/blogs.acatlan.unam.mx\/literaturaindigena\/?s={search_term_string}"},"query-input":{"@type":"PropertyValueSpecification","valueRequired":true,"valueName":"search_term_string"}}],"inLanguage":"es"}]}},"_links":{"self":[{"href":"https:\/\/blogs.acatlan.unam.mx\/literaturaindigena\/wp-json\/wp\/v2\/pages\/214","targetHints":{"allow":["GET"]}}],"collection":[{"href":"https:\/\/blogs.acatlan.unam.mx\/literaturaindigena\/wp-json\/wp\/v2\/pages"}],"about":[{"href":"https:\/\/blogs.acatlan.unam.mx\/literaturaindigena\/wp-json\/wp\/v2\/types\/page"}],"author":[{"embeddable":true,"href":"https:\/\/blogs.acatlan.unam.mx\/literaturaindigena\/wp-json\/wp\/v2\/users\/66"}],"replies":[{"embeddable":true,"href":"https:\/\/blogs.acatlan.unam.mx\/literaturaindigena\/wp-json\/wp\/v2\/comments?post=214"}],"version-history":[{"count":3,"href":"https:\/\/blogs.acatlan.unam.mx\/literaturaindigena\/wp-json\/wp\/v2\/pages\/214\/revisions"}],"predecessor-version":[{"id":281,"href":"https:\/\/blogs.acatlan.unam.mx\/literaturaindigena\/wp-json\/wp\/v2\/pages\/214\/revisions\/281"}],"wp:attachment":[{"href":"https:\/\/blogs.acatlan.unam.mx\/literaturaindigena\/wp-json\/wp\/v2\/media?parent=214"}],"curies":[{"name":"wp","href":"https:\/\/api.w.org\/{rel}","templated":true}]}}