{"id":1267,"date":"2023-04-20T20:05:02","date_gmt":"2023-04-21T01:05:02","guid":{"rendered":"http:\/\/blogs.acatlan.unam.mx\/filosofia\/?page_id=1267"},"modified":"2023-04-20T20:05:02","modified_gmt":"2023-04-21T01:05:02","slug":"noticias-rss","status":"publish","type":"page","link":"https:\/\/blogs.acatlan.unam.mx\/filosofia\/noticias-rss\/","title":{"rendered":"Noticias RSS"},"content":{"rendered":"<p>Para poder suscribirte al RSS y recibir en tu correo las \u00faltimas publicaciones de esta p\u00e1gina web necesitas un lector RSS. A continuaci\u00f3n encontrar\u00e1s algunas opciones:<\/p>\n<p>&nbsp;<\/p>\n<p><a href=\"https:\/\/www.feedreader.com\/\" target=\"_blank\" rel=\"noopener\">Feedreader<\/a><\/p>\n<p><a href=\"https:\/\/miniflux.app\/\" target=\"_blank\" rel=\"noopener\">Miniflux<\/a><\/p>\n<p><a href=\"http:\/\/www.rssowl.org\/\" target=\"_blank\" rel=\"noopener\">RSSOwl<\/a><\/p>\n<p>&nbsp;<\/p>\n<p>Dentro de estos lectores debes incorporar el siguiente enlace:<\/p>\n<p>https:\/\/blogs.acatlan.unam.mx\/filosofia\/feed\/<\/p>\n<p>&nbsp;<\/p>\n","protected":false},"excerpt":{"rendered":"<p>Para poder suscribirte al RSS y recibir en tu correo las \u00faltimas publicaciones de esta p\u00e1gina web necesitas un lector RSS. A continuaci\u00f3n encontrar\u00e1s algunas opciones: &nbsp; Feedreader Miniflux RSSOwl &nbsp; Dentro de estos lectores debes incorporar el siguiente enlace: https:\/\/blogs.acatlan.unam.mx\/filosofia\/feed\/ &nbsp;<\/p>\n","protected":false},"author":56,"featured_media":0,"parent":0,"menu_order":0,"comment_status":"closed","ping_status":"closed","template":"","meta":{"_exactmetrics_skip_tracking":false,"_exactmetrics_sitenote_active":false,"_exactmetrics_sitenote_note":"","_exactmetrics_sitenote_category":0,"footnotes":""},"class_list":["post-1267","page","type-page","status-publish","hentry"],"yoast_head":"<!-- This site is optimized with the Yoast SEO plugin v24.7 - https:\/\/yoast.com\/wordpress\/plugins\/seo\/ -->\n<title>Noticias RSS - Secci\u00f3n de Filosof\u00eda | Acatl\u00e1n<\/title>\n<meta name=\"robots\" content=\"index, follow, max-snippet:-1, max-image-preview:large, max-video-preview:-1\" \/>\n<link rel=\"canonical\" href=\"https:\/\/blogs.acatlan.unam.mx\/filosofia\/noticias-rss\/\" \/>\n<meta property=\"og:locale\" content=\"es_ES\" \/>\n<meta property=\"og:type\" content=\"article\" \/>\n<meta property=\"og:title\" content=\"Noticias RSS - Secci\u00f3n de Filosof\u00eda | Acatl\u00e1n\" \/>\n<meta property=\"og:description\" content=\"Para poder suscribirte al RSS y recibir en tu correo las \u00faltimas publicaciones de esta p\u00e1gina web necesitas un lector RSS. A continuaci\u00f3n encontrar\u00e1s algunas opciones: &nbsp; Feedreader Miniflux RSSOwl &nbsp; Dentro de estos lectores debes incorporar el siguiente enlace: https:\/\/blogs.acatlan.unam.mx\/filosofia\/feed\/ &nbsp;\" \/>\n<meta property=\"og:url\" content=\"https:\/\/blogs.acatlan.unam.mx\/filosofia\/noticias-rss\/\" \/>\n<meta property=\"og:site_name\" content=\"Secci\u00f3n de Filosof\u00eda | Acatl\u00e1n\" \/>\n<meta name=\"twitter:card\" content=\"summary_large_image\" \/>\n<script type=\"application\/ld+json\" class=\"yoast-schema-graph\">{\"@context\":\"https:\/\/schema.org\",\"@graph\":[{\"@type\":\"WebPage\",\"@id\":\"https:\/\/blogs.acatlan.unam.mx\/filosofia\/noticias-rss\/\",\"url\":\"https:\/\/blogs.acatlan.unam.mx\/filosofia\/noticias-rss\/\",\"name\":\"Noticias RSS - Secci\u00f3n de Filosof\u00eda | Acatl\u00e1n\",\"isPartOf\":{\"@id\":\"https:\/\/blogs.acatlan.unam.mx\/filosofia\/#website\"},\"datePublished\":\"2023-04-21T01:05:02+00:00\",\"breadcrumb\":{\"@id\":\"https:\/\/blogs.acatlan.unam.mx\/filosofia\/noticias-rss\/#breadcrumb\"},\"inLanguage\":\"es\",\"potentialAction\":[{\"@type\":\"ReadAction\",\"target\":[\"https:\/\/blogs.acatlan.unam.mx\/filosofia\/noticias-rss\/\"]}]},{\"@type\":\"BreadcrumbList\",\"@id\":\"https:\/\/blogs.acatlan.unam.mx\/filosofia\/noticias-rss\/#breadcrumb\",\"itemListElement\":[{\"@type\":\"ListItem\",\"position\":1,\"name\":\"Portada\",\"item\":\"https:\/\/blogs.acatlan.unam.mx\/filosofia\/\"},{\"@type\":\"ListItem\",\"position\":2,\"name\":\"Noticias RSS\"}]},{\"@type\":\"WebSite\",\"@id\":\"https:\/\/blogs.acatlan.unam.mx\/filosofia\/#website\",\"url\":\"https:\/\/blogs.acatlan.unam.mx\/filosofia\/\",\"name\":\"Secci\u00f3n de Filosof\u00eda | Acatl\u00e1n\",\"description\":\"Espacio web de la licenciatura en Filosof\u00eda de la FES Acatl\u00e1n\",\"potentialAction\":[{\"@type\":\"SearchAction\",\"target\":{\"@type\":\"EntryPoint\",\"urlTemplate\":\"https:\/\/blogs.acatlan.unam.mx\/filosofia\/?s={search_term_string}\"},\"query-input\":{\"@type\":\"PropertyValueSpecification\",\"valueRequired\":true,\"valueName\":\"search_term_string\"}}],\"inLanguage\":\"es\"}]}<\/script>\n<!-- \/ Yoast SEO plugin. -->","yoast_head_json":{"title":"Noticias RSS - Secci\u00f3n de Filosof\u00eda | Acatl\u00e1n","robots":{"index":"index","follow":"follow","max-snippet":"max-snippet:-1","max-image-preview":"max-image-preview:large","max-video-preview":"max-video-preview:-1"},"canonical":"https:\/\/blogs.acatlan.unam.mx\/filosofia\/noticias-rss\/","og_locale":"es_ES","og_type":"article","og_title":"Noticias RSS - Secci\u00f3n de Filosof\u00eda | Acatl\u00e1n","og_description":"Para poder suscribirte al RSS y recibir en tu correo las \u00faltimas publicaciones de esta p\u00e1gina web necesitas un lector RSS. A continuaci\u00f3n encontrar\u00e1s algunas opciones: &nbsp; Feedreader Miniflux RSSOwl &nbsp; Dentro de estos lectores debes incorporar el siguiente enlace: https:\/\/blogs.acatlan.unam.mx\/filosofia\/feed\/ &nbsp;","og_url":"https:\/\/blogs.acatlan.unam.mx\/filosofia\/noticias-rss\/","og_site_name":"Secci\u00f3n de Filosof\u00eda | Acatl\u00e1n","twitter_card":"summary_large_image","schema":{"@context":"https:\/\/schema.org","@graph":[{"@type":"WebPage","@id":"https:\/\/blogs.acatlan.unam.mx\/filosofia\/noticias-rss\/","url":"https:\/\/blogs.acatlan.unam.mx\/filosofia\/noticias-rss\/","name":"Noticias RSS - Secci\u00f3n de Filosof\u00eda | Acatl\u00e1n","isPartOf":{"@id":"https:\/\/blogs.acatlan.unam.mx\/filosofia\/#website"},"datePublished":"2023-04-21T01:05:02+00:00","breadcrumb":{"@id":"https:\/\/blogs.acatlan.unam.mx\/filosofia\/noticias-rss\/#breadcrumb"},"inLanguage":"es","potentialAction":[{"@type":"ReadAction","target":["https:\/\/blogs.acatlan.unam.mx\/filosofia\/noticias-rss\/"]}]},{"@type":"BreadcrumbList","@id":"https:\/\/blogs.acatlan.unam.mx\/filosofia\/noticias-rss\/#breadcrumb","itemListElement":[{"@type":"ListItem","position":1,"name":"Portada","item":"https:\/\/blogs.acatlan.unam.mx\/filosofia\/"},{"@type":"ListItem","position":2,"name":"Noticias RSS"}]},{"@type":"WebSite","@id":"https:\/\/blogs.acatlan.unam.mx\/filosofia\/#website","url":"https:\/\/blogs.acatlan.unam.mx\/filosofia\/","name":"Secci\u00f3n de Filosof\u00eda | Acatl\u00e1n","description":"Espacio web de la licenciatura en Filosof\u00eda de la FES Acatl\u00e1n","potentialAction":[{"@type":"SearchAction","target":{"@type":"EntryPoint","urlTemplate":"https:\/\/blogs.acatlan.unam.mx\/filosofia\/?s={search_term_string}"},"query-input":{"@type":"PropertyValueSpecification","valueRequired":true,"valueName":"search_term_string"}}],"inLanguage":"es"}]}},"_links":{"self":[{"href":"https:\/\/blogs.acatlan.unam.mx\/filosofia\/wp-json\/wp\/v2\/pages\/1267","targetHints":{"allow":["GET"]}}],"collection":[{"href":"https:\/\/blogs.acatlan.unam.mx\/filosofia\/wp-json\/wp\/v2\/pages"}],"about":[{"href":"https:\/\/blogs.acatlan.unam.mx\/filosofia\/wp-json\/wp\/v2\/types\/page"}],"author":[{"embeddable":true,"href":"https:\/\/blogs.acatlan.unam.mx\/filosofia\/wp-json\/wp\/v2\/users\/56"}],"replies":[{"embeddable":true,"href":"https:\/\/blogs.acatlan.unam.mx\/filosofia\/wp-json\/wp\/v2\/comments?post=1267"}],"version-history":[{"count":2,"href":"https:\/\/blogs.acatlan.unam.mx\/filosofia\/wp-json\/wp\/v2\/pages\/1267\/revisions"}],"predecessor-version":[{"id":1270,"href":"https:\/\/blogs.acatlan.unam.mx\/filosofia\/wp-json\/wp\/v2\/pages\/1267\/revisions\/1270"}],"wp:attachment":[{"href":"https:\/\/blogs.acatlan.unam.mx\/filosofia\/wp-json\/wp\/v2\/media?parent=1267"}],"curies":[{"name":"wp","href":"https:\/\/api.w.org\/{rel}","templated":true}]}}